termine o(12).
68
Let j(z) = -41*z**2 - z - 2. Calculate j(-1).
-42
Let o(c) = -83*c - 4. What is o(-2)?
162
Let h(s) = 75*s + 1490. Calculate h(-19).
65
Let h(n) = -139*n + 255. Give h(2).
-23
Let x(v) = v**3 - 44*v**2 - 251*v - 10. Calculate x(-5).
20
Let n(v) = 73*v + 10377. What is n(-142)?
11
Let b(o) = 291*o - 4072. Give b(14).
2
Let n(y) = y**2 - 92*y + 1431. What is n(19)?
44
Let g(b) = -2*b**3 + 105*b**2 + 161*b + 13. Give g(54).
-41
Let o(r) = -4*r**3 + 13*r**2 + 37*r - 36. What is o(6)?
-210
Let g(b) = -b**3 + 5*b**2 + 9*b + 44. Give g(7).
9
Let v(f) = -f**3 + 4*f**2 + 24*f - 73. Determine v(7).
-52
Let i(y) = 4*y**2 + 147*y + 93. What is i(-36)?
-15
Let o(w) = -306*w - 13158. Give o(-43).
0
Let c(w) = -7*w + 253. Give c(19).
120
Let u(k) = 99*k + 387. Calculate u(-4).
-9
Let z(l) = l**3 - 34*l**2 - 74*l - 39. Determine z(36).
-111
Let n(w) = 124*w - 369. What is n(3)?
3
Let k(z) = 4*z**3 - 312*z**2 + 6*z - 431. Calculate k(78).
37
Let d(n) = -n**3 - 52*n**2 - n - 144. Give d(-52).
-92
Let x(v) = v**3 + 55*v**2 - 102*v + 739. Calculate x(-57).
55
Let t(z) = 9*z - 465. Give t(48).
-33
Let k(a) = -4*a**3 - 260*a**2 - 6*a - 397. What is k(-65)?
-7
Let r(h) = 40*h + 401. What is r(-11)?
-39
Let t(g) = -15*g + 189. What is t(9)?
54
Let j(l) = -3*l**3 - 8*l**2 + 4*l + 18. Determine j(-3).
15
Let y(q) = -q**3 - 3*q**2 - 33*q - 13. Calculate y(-6).
293
Let l(r) = -2*r**3 - 14*r**2 + 60*r + 426. Give l(-6).
-6
Let c(w) = -w**3 - 30*w**2 - 72*w + 856. What is c(-26)?
24
Let i(k) = -k**2 + 198*k - 7027. What is i(47)?
70
Let b(s) = -3862*s - 3847. Give b(-1).
15
Let h(p) = p**2 - 33*p + 217. Give h(16).
-55
Let v(d) = 12*d - 100. Determine v(8).
-4
Let b(z) = 15*z**2 - 558*z + 4872. Determine b(14).
0
Let c(t) = t**2 + 28*t + 199. Determine c(-13).
4
Let h(d) = 9*d + 62. What is h(9)?
143
Let s(p) = -24*p**2 + 2*p - 7. What is s(2)?
-99
Let v(l) = 248*l**2 - 16*l - 17. Give v(-1).
247
Let m(a) = 449*a + 26042. Give m(-58).
0
Let n(g) = -100*g + 204. Determine n(2).
4
Let y(j) = -2*j**2 + 70*j - 456. Give y(0).
-456
Let k(w) = 31*w**2 - 21*w - 39. Calculate k(-2).
127
Let a(l) = -2829*l + 22606. Calculate a(8).
-26
Let n(r) = -r**3 + 17*r**2 - 418*r + 5827. What is n(15)?
7
Let q(r) = 602*r - 7232. Determine q(12).
-8
Let y(q) = -q**3 - q**2 + 18*q - 54. Calculate y(5).
-114
Let i(c) = -2*c**2 - 96*c - 53. Calculate i(-3).
217
Let t(o) = 2*o**2 - 125*o - 1225. What is t(71)?
-18
Let v(d) = -d**2 - 53*d - 568. What is v(-15)?
2
Let x(o) = -o**2 + 36*o + 139. Determine x(40).
-21
Let s(t) = -t**3 + 7*t**2 - 8*t + 29. Determine s(9).
-205
Let s(k) = -29*k - 249. Determine s(-8).
-17
Let c(q) = 98*q + 20877. What is c(-213)?
3
Let y(h) = -h**3 + 3*h**2 + 149*h - 581. What is y(4)?
-1
Let q(p) = 7*p**2 - 236*p - 30. What is q(32)?
-414
Let l(i) = -i**3 + 2*i**2 - 3*i + 10. Calculate l(2).
4
Let v(a) = -239*a - 714. Calculate v(-3).
3
Let q(r) = r**3 + 7*r**2 - 7*r - 6. Give q(-9).
-105
Let z(r) = -r**3 + 9*r**2 + 25*r - 13. What is z(-3)?
20
Let f(m) = -48*m - 1887. What is f(-42)?
129
Let m(u) = -3*u**2 - 50*u - 86. What is m(-12)?
82
Let v(o) = -38*o + 1173. What is v(31)?
-5
Let t(g) = -7329*g + 73286. What is t(10)?
-4
Let x(j) = -j**2 - 26*j + 63. Give x(-22).
151
Let m(r) = -r**3 + 8*r**2 - 2*r - 38. Give m(11).
-423
Let g(x) = 224*x + 6042. What is g(-27)?
-6
Let d(s) = -82*s + 3602. Give d(44).
-6
Let t(z) = z**3 + 26*z**2 - 166*z - 172. Calculate t(-31).
169
Let o(g) = 186*g - 549. Give o(3).
9
Let g(m) = -m**3 - 4*m**2 + 100*m - 23. Determine g(-11).
-276
Let u(o) = o**3 + 44*o**2 + 85*o + 20. Calculate u(-42).
-22
Let h(j) = -j**3 + 10*j**2 + j - 141. Give h(8).
-5
Let x(q) = q**3 + 32*q**2 - 57*q + 355. Determine x(-34).
-19
Let h(b) = -2*b**3 + 14*b**2 + 24*b - 15. Give h(8).
49
Let y(a) = 4*a**2 - 82*a - 1139. What is y(30)?
1
Let m(j) = -5*j**2 - 280*j - 51. Give m(-56).
-51
Let s(v) = v**3 + 3*v**2 - 86*v + 3. What is s(8)?
19
Let z(v) = -44*v - 301. Determine z(-6).
-37
Let r(g) = 2*g**2 - 140*g - 148. Give r(71).
-6
Let y(a) = -a**3 + 3*a**2 - 2658*a + 7970. Calculate y(3).
-4
Let d(t) = 39*t**3 + t**2 - 3*t + 1. Determine d(1).
38
Let c(y) = y + 29. What is c(-59)?
-30
Let s(a) = 37*a + 78. What is s(-2)?
4
Let b(w) = w**3 - 3*w**2 - 3*w - 4. What is b(4)?
0
Let q(z) = z**3 - 20*z**2 + 87*z - 33. Give q(14).
9
Let k(p) = -p + 163. Determine k(-51).
214
Let n(t) = -2372*t + 230091. Give n(97).
7
Let g(z) = z**3 + 3*z**2 - 58*z - 44. What is g(-9)?
-8
Let z(u) = -4*u**2 - 2*u - 1. Determine z(1).
-7
Let j(p) = -513*p - 3143. Give j(-6).
-65
Let w(h) = -472*h - 5658. Give w(-12).
6
Let k(r) = 15*r - 600. Give k(35).
-75
Let l(w) = w**3 - 90*w**2 + 195*w - 1677. Calculate l(88).
-5
Let a(x) = 38*x + 1006. Determine a(-27).
-20
Let s(o) = 10*o**2 - 126*o + 183. Determine s(11).
7
Let u(i) = 9591*i + 153474. What is u(-16)?
18
Let h(n) = -n**2 - 4*n - 12. Calculate h(-2).
-8
Let v(m) = -m**3 + 15*m**2 - 38*m + 16. Calculate v(12).
-8
Let h(f) = -f**2 + 9*f + 125. Give h(17).
-11
Let a(d) = d**2 - 33*d + 289. Calculate a(24).
73
Let f(b) = -b**3 - 19*b**2 - 5*b + 123. Give f(-17).
-370
Let r(s) = 2*s**3 - 168*s**2 - 2*s + 164. What is r(84)?
-4
Let y(i) = -i**2 + 67*i - 743. What is y(14)?
-1
Let r(u) = u**2 + 55*u + 189. Determine r(-51).
-15
Let c(s) = -2*s**2 + 159*s - 1328. Determine c(70).
2
Let k(b) = b**3 - 9*b + 18. Determine k(2).
8
Let h(i) = 3*i**3 + 218*i**2 - 76*i - 134. What is h(-73)?
85
Let k(d) = 3*d**2 - 8*d - 13. Give k(6).
47
Let p(s) = -1140*s - 25079. What is p(-22)?
1
Let f(y) = 2*y**2 - 16*y + 134. Determine f(7).
120
Let w(r) = r**3 - 14*r**2 + 6*r + 26. Calculate w(12).
-190
Let h(q) = -3*q**3 + 3*q**2 - 18*q + 55. Give h(5).
-335
Let c(h) = 262*h + 295. Calculate c(-2).
-229
Let a(n) = -15*n - 1259. Give a(-84).
1
Let m(c) = -13*c**2 - 484*c - 962. Calculate m(-2).
-46
Let h(q) = -2*q**2 - 60*q - 37. What is h(-28)?
75
Let f(y) = 11*y**2 + 41*y + 35. Give f(-5).
105
Let h(t) = 3*t**2 + 209*t - 2406. Give h(11).
256
Let r(d) = -4*d**3 - 6*d**2 - 3*d + 17. Calculate r(-5).
382
Let p(g) = -4*g**3 + 71*g**2 + 103*g + 2. What is p(19)?
154
Let s(t) = -t**3 - 2*t**2 + 20*t + 48. Determine s(-3).
-3
Let w(v) = -152*v + 2135. Calculate w(12).
311
Let u(x) = 11*x**3 + x**2 - 68*x - 66. Calculate u(-1).
-8
Let d(v) = -25*v**2 + 7*v - 3. Calculate d(-3).
-249
Let k(t) = 66*t**3 + 1394*t**2 + 169*t + 27. What is k(-21)?
6
Let x(h) = -39*h**2 - 31*h + 85. Give x(2).
-133
Let q(b) = -b**2 + 52*b - 430. Determine q(42).
-10
Let d(w) = -1729*w + 1724. Give d(1).
-5
Let c(d) = d**3 - 6*d**2 + 12*d - 11. Determine c(8).
213
Let v(s) = -55*s**2 + 718*s + 718. Give v(-1).
-55
Let g(a) = -a**2 + 762*a - 132171. Calculate g(267).
-6
Let t(l) = 6*l + 91. Determine t(-14).
7
Let z(g) = -g**3 + 44*g**2 - 43*g + 668. Determine z(44).
-1224
Let w(v) = 29*v**2 + 798*v + 2725. Calculate w(-4).
-3
Let b(c) = -14*c + 355. Give b(21).
61
Let l(a) = -1096*a - 26294. Calculate l(-24).
10
Let n(b) = -b**2 + 172*b - 2358. Give n(15).
-3
Let x(k) = 168*k - 1706. Give x(10).
-26
Let k(h) = h**3 + 14*h**2 + 7*h + 137. Calculate k(-14).
39
Let c(h) = h**2 - 20*h - 62. Determine c(22).
-18
Let z(p) = -64*p + 268. What is z(4)?
12
Let n(u) = -u**3 - 9*u**2 - 11*u - 24. Calculate n(-7).
-45
Let y(n) = 127*n + 3678. Determine y(-29).
-5
Let r(p) = -336*p - 9385. Determine r(-28).
23
Let d(j) = -3*j**2 - 18*j - 31. Give d(-7).
-52
Let h(o) = o**3 + 5*o**2 - 20*o + 7. Give h(3).
19
Let n(b) = -105*b + 2935. Calculate n(28).
-5
Let i(c) = -c**2 - 518*c - 34315. Calculate i(-78).
5
Let u(z) = -2*z**2 + 295*z - 205. Give u(147).
-58
Let c(n) = -46*n + 123. Determine c(2).
31
Let n(s) = -141*s + 544. Calculate n(4).
-20
Let h(c) = -41*c**2 - 28*c + 6. What is h(-1)?
-7
Let z(r) = r**3 + 28*r**2 - 126*r - 71. What is z(-32)?
-135
Let h(s) = -s**3 - 145*s**2 + 10*s + 2. Calculate h(0).
2
Let c(d) = 24*d**2 + 550*d - 40. What is c(-23)?
6
Let s(t) = -t**2 + 4*t - 21. Calculate s(-12).
-213
Let n(r) = -1643*r + 8176. Give n(5).
-39
Let f(x) = 2308*x - 41546. Determine f(18).
-2
Let u(s) = -2*s**3 - 8*s**2 - 258*s - 1028. Determine u(-4).
4
Let l(w) = w**3 + 31*w**2 - 363*w - 115. Calculate l(-40).
5
Let z(n) = -139*n + 438. Calculate z(3).
21
Let d(j) = 10*j*